{"id":29,"date":"2024-02-05T13:10:04","date_gmt":"2024-02-05T12:10:04","guid":{"rendered":"http:\/\/www.anidrom.es\/?page_id=29"},"modified":"2024-02-05T13:50:51","modified_gmt":"2024-02-05T12:50:51","slug":"agradecimientos","status":"publish","type":"page","link":"https:\/\/www.anidrom.es\/index.php\/agradecimientos\/","title":{"rendered":"AGRADECIMIENTOS"},"content":{"rendered":"\n<p style=\"color:rgba(132, 148, 115, 0.8)\"><em><strong>PORQUE ANIDROM ES UNA CADENA, CON UNOS ESLABONES FUERTES Y GRANDES PROFESIONALES<\/strong><\/em><\/p>\n\n\n\n<p><strong>GRACIAS POR HABER CONFIADO EN ANIDROM<\/strong>, por habernos hecho sentir grandes profesionales, por facilitarnos el trabajo y por hacernos creer imprescindibles, por guiaros de nuestros consejos, por hacernos sentir parte de vuestras familias , por el cari\u00f1o que nos hab\u00e9is dado, por haber dicho ANIDROM CUANDO SE NECESITABA DE NUESTROS SERVICIOS por acordaros de nosotras siempre, ayer, hoy , ma\u00f1ana.<\/p>\n\n\n\n<p><strong>Gracias a vosotros seguimos trabajando en lo que m\u00e1s satisfacciones profesionales y personales podemos obtener de nuestro trabajo d\u00eda a d\u00eda.<\/strong><\/p>\n\n\n\n<div class=\"wp-block-columns is-layout-flex wp-container-core-columns-is-layout-9d6595d7 wp-block-columns-is-layout-flex\">\n<div class=\"wp-block-column is-layout-flow wp-block-column-is-layout-flow\">\n<div class=\"wp-block-columns is-layout-flex wp-container-core-columns-is-layout-9d6595d7 wp-block-columns-is-layout-flex\">\n<div class=\"wp-block-column is-layout-flow wp-block-column-is-layout-flow\">\n<figure class=\"wp-block-image size-full\"><img loading=\"lazy\" decoding=\"async\" width=\"152\" height=\"140\" src=\"https:\/\/www.anidrom.es\/wp-content\/uploads\/2024\/02\/PROFESIONALES_ANIDROM.png\" alt=\"\" class=\"wp-image-82\"\/><\/figure>\n<\/div>\n\n\n\n<div class=\"wp-block-column is-layout-flow wp-block-column-is-layout-flow\">\n<p><strong>TRABAJADORA SOCIAL<\/strong>\u00a0Por tu trabajo tan profesional, tus consejos, tu af\u00e1n de mejorar, tu dedicaci\u00f3n, tu empat\u00eda con los y las usuarias y auxiliares, por estar siempre que te necesito.\u00a0<strong>Gracias.<\/strong><\/p>\n<\/div>\n\n\n\n<div class=\"wp-block-column is-layout-flow wp-block-column-is-layout-flow\">\n<p><strong>AUXILIARES<\/strong>\u00a0Por haber entendido mi manera de trabajar, dedicaci\u00f3n, cari\u00f1o, paciencia, respeto, Por ser auxiliares de Ayuda a Domicilio de vocaci\u00f3n. Por vuestra disponibilidad a seguir aprendiendo d\u00eda a d\u00eda. Por entender el trabajo en equipo, que nos da tantas satisfacciones.\u00a0<strong>Gracias.<\/strong><\/p>\n<\/div>\n<\/div>\n<\/div>\n<\/div>\n\n\n\n<p><strong>SERVICIOS PROFESIONALES<\/strong>\u00a0<strong>ATLANTIC<\/strong>\u00a0. Sistema inform\u00e1tico, protecci\u00f3n de datos, pagina Web\u00a0<strong>GESTORIA-ASESORIA CASARES<\/strong>. Gesti\u00f3n Fiscal y laboral\u00a0<strong>ORTOPEDIA ATLANTICA<\/strong>. Elementos para facilitar la vida diaria de la personas\u00a0<strong>TERRA DOS MARES<\/strong>. Vestuario y material de trabajo Mi agradecimiento por la\u00a0<strong>atenci\u00f3n, el servicio y la profesionalidad<\/strong>\u00a0que siempre recibo de vosotros,\u00a0<strong>gracias<\/strong>\u00a0por hacer m\u00e1s f\u00e1cil mi trabajo.<\/p>\n","protected":false},"excerpt":{"rendered":"<p>PORQUE ANIDROM ES UNA CADENA, CON UNOS ESLABONES FUERTES Y GRANDES PROFESIONALES GRACIAS POR HABER CONFIADO EN ANIDROM, por habernos hecho sentir grandes profesionales, por facilitarnos el trabajo y por hacernos creer imprescindibles, por guiaros de nuestros consejos, por hacernos sentir parte de vuestras familias , por el cari\u00f1o que nos hab\u00e9is dado, por haber&hellip;<\/p>\n","protected":false},"author":1,"featured_media":0,"parent":0,"menu_order":0,"comment_status":"closed","ping_status":"closed","template":"","meta":{"footnotes":""},"class_list":["post-29","page","type-page","status-publish","hentry"],"_links":{"self":[{"href":"https:\/\/www.anidrom.es\/index.php\/wp-json\/wp\/v2\/pages\/29","targetHints":{"allow":["GET"]}}],"collection":[{"href":"https:\/\/www.anidrom.es\/index.php\/wp-json\/wp\/v2\/pages"}],"about":[{"href":"https:\/\/www.anidrom.es\/index.php\/wp-json\/wp\/v2\/types\/page"}],"author":[{"embeddable":true,"href":"https:\/\/www.anidrom.es\/index.php\/wp-json\/wp\/v2\/users\/1"}],"replies":[{"embeddable":true,"href":"https:\/\/www.anidrom.es\/index.php\/wp-json\/wp\/v2\/comments?post=29"}],"version-history":[{"count":7,"href":"https:\/\/www.anidrom.es\/index.php\/wp-json\/wp\/v2\/pages\/29\/revisions"}],"predecessor-version":[{"id":87,"href":"https:\/\/www.anidrom.es\/index.php\/wp-json\/wp\/v2\/pages\/29\/revisions\/87"}],"wp:attachment":[{"href":"https:\/\/www.anidrom.es\/index.php\/wp-json\/wp\/v2\/media?parent=29"}],"curies":[{"name":"wp","href":"https:\/\/api.w.org\/{rel}","templated":true}]}}